(k) = k. Let o = -1 - 2. Let p be u(o). Is i(p) composite?
False
Suppose 0 = c + 105 - 356. Is c a prime number?
True
Let g be 4*(-3)/(-3) + 0. Let x(j) = 15*j**3 + j**2 - 2*j + 1. Let y be x(1). Let t = g + y. Is t prime?
True
Suppose f - 1 = -0*f. Let t be f - 4 - (61 - 2). Is (6/(-4))/3*t prime?
True
Suppose -a + 5*a = 1948. Is a prime?
True
Let f(m) = m**2 - 8*m + 2. Let a be f(8). Is (-31)/(a*2/(-28)) composite?
True
Let q be ((-3)/(-2))/((-3)/(-10)). Let l = q - -234. Is l a composite number?
False
Suppose 4*b - 3*u = -u + 162, 2*b = -u + 91. Is b a prime number?
True
Let o(y) = y**3 + 13*y**2 + y + 11. Let q(m) = -m**3 - 12*m**2 - 2*m - 10. Let n(l) = -4*o(l) - 5*q(l). Suppose -2*v - 4 = 10. Is n(v) a composite number?
False
Let t = 6 + -4. Suppose -4*u + 7*u = 0. Suppose u = b + t*b - 42. Is b prime?
False
Suppose -9*s + 11*s - 506 = 0. Is s composite?
True
Suppose k + 3*c = -2*k + 1242, -12 = -4*c. Is k a composite number?
True
Let v = -1 + -38. Let w = 26 - v. Is w a composite number?
True
Let u(q) = 1 + 6*q + 4*q**2 + 2 + 3*q**3 - 9 + 0*q**2. Is u(5) composite?
False
Let m = -1276 - -2349. Is m a composite number?
True
Let t(x) = -25*x**2 - 3. Let f(i) = -26*i**2 - i - 4. Let a be 6*(0 + (-2)/4). Let o(s) = a*t(s) + 2*f(s). Is o(-2) a prime number?
True
Let c(r) = -3*r - 3. Let i be c(-2). Is -2 + i/(3/25) a composite number?
False
Suppose 1955 + 3147 = 2*n. Is n a prime number?
True
Is (-1)/((-150)/(-38) - 4) prime?
True
Let c = 0 - -4. Let i(y) = y**2 - 6*y + 9. Let r be i(7). Suppose -3*m + 0*m - 285 = -3*z, -c*m = r. Is z a composite number?
True
Let d(c) = 0 - 3 - 12 - 25*c + 2*c. Is d(-10) prime?
False
Let z(x) = 14*x**2 + 5*x - 2. Is z(-5) a prime number?
False
Let t be (-65)/2 + (-3)/(-6). Suppose 0 = -5*i + 10, -a - 2*a = -3*i - 429. Let n = a + t. Is n a composite number?
False
Let t(r) = 13*r**2 + r + 1. Let a(x) = 2*x**3 + x. Let p be a(-1). Is t(p) prime?
False
Is (12 + 0)/4 + (1 - -55) a prime number?
True
Suppose -2*m = w - 60, 2*m = -5*w - 107 + 415. Let l = w + -3. Is l composite?
False
Suppose 0*j + 20 = -4*j + 5*w, 5*j - 5*w = -25. Let u(o) = -60*o - 2. Let d be u(j). Suppose p + p = d. Is p a composite number?
False
Suppose -4*t = -f - 0*f - 322, 2*t = -3*f - 994. Is -2*1 - f/2 a composite number?
False
Let g = 205 - 125. Suppose 4*q - g = 188. Is q a prime number?
True
Let j = 2378 + -1387. Is j composite?
False
Suppose -5*d = 25, -3*r + 578 = -3*d - 2170. Is r composite?
False
Let u(g) = 2*g**2 + 15*g - 20. Is u(-13) a prime number?
False
Let k(a) = -a**3 + 14*a**2 - 7*a + 1. Is k(10) a composite number?
False
Suppose 3*i + 30 = 8*i. Suppose i*f = f - 15. Is (-7)/(-21) - 206/f a prime number?
False
Suppose 0 = -5*d - q - 0*q + 3973, 4*d + 5*q - 3170 = 0. Let b(g) = -14*g - 3. Let u be b(-2). Suppose t + 3*n - 165 = -u, 4*n = 5*t - d. Is t composite?
True
Suppose 20 = o + 4*o. Suppose o*f + 5*l = 605, -2*f + 221 + 80 = 3*l. Is f composite?
True
Suppose -3*m - 2785 = -3*q + 638, 5*m + 3427 = 3*q. Is q a prime number?
False
Let b be (-21)/49 - 7078/14. Let u = 825 + b. Is u a composite number?
True
Is 4 + (-1)/(6/(-6162)) composite?
False
Let x(b) = -b**3 - 5*b**2 - 3. Let m be x(-5). Let u = 11 - m. Is u a prime number?
False
Suppose 5*m - 4506 = -1451. Is m a prime number?
False
Let v(c) = c**2 - 18*c + 19. Is v(18) a prime number?
True
Let o(j) = 19*j + 1. Let y be o(-4). Let i = y + 49. Let m = i + 45. Is m a composite number?
False
Let m = 1694 + -223. Is m a prime number?
True
Let r(o) = o**2 - 8*o - 13. Let h be r(9). Is (1 - -162) + (h - -2) a prime number?
False
Is (1/(-3))/((1 - 0)/(-4083)) composite?
False
Let i(u) = 3*u**2 - 7*u - 9. Is i(7) a prime number?
True
Let c(u) = u**3 + 6*u**2 - 4*u - 1. Let b be c(-3). Suppose -w = w - b. Is w a composite number?
False
Let f = -4 - -4. Suppose -5241 = -5*u - n, 0 = -2*u - f*u + n + 2102. Is u a prime number?
True
Let n = 848 + -115. Is n a composite number?
False
Let r(p) = -p**2 + 5*p - 5. Let q be r(-5). Let u = 90 + q. Is u a prime number?
False
Suppose -s = -5*x - 61, 4*x + 65 = s + x. Is s a prime number?
True
Is ((-1)/3)/((-9)/17037) a prime number?
True
Suppose -10*a + 447 = -7*a. Is a a composite number?
False
Let m = -2 + 9. Let x(d) = d**2 - 6*d - 2. Let s be x(m). Is 1*(s + -3) - -37 composite?
True
Let o(d) = d**3 + 22*d**2 + 11*d - 23. Is o(-10) prime?
False
Suppose -16 = 6*p - 10*p. Is -2 - (-544)/(p + 0) a prime number?
False
Suppose -5*z = b - 21639, b + b + 21627 = 5*z. Is z prime?
True
Let p = 31 + 7. Suppose 3*q - p - 91 = 0. Is q composite?
False
Suppose q - 4*q = -651. Let s = q + -138. Is s prime?
True
Suppose -10*m = -12*m + 4. Suppose -23 - 95 = -m*y. Is y prime?
True
Let z(b) = -b**3 + b + 172. Let r be z(0). Suppose -r = -q - q. Is q composite?
True
Let f = -9 - -6. Is ((f - 0) + 82)*1 composite?
False
Let j(n) be the third derivative of -n**6/20 - n**5/20 - n**4/24 + n**3/6 - n**2. Let i be j(3). Is -2 - ((i - -1) + 1) a composite number?
True
Let z(l) = 2*l. Suppose f - 7 = 5*p - 37, -p + 3*f + 20 = 0. Let b be z(p). Is (11*-3)/((-15)/b) a prime number?
False
Let o = 1375 + -788. Is o a prime number?
True
Suppose 20 = 2*l - 3*l. Let i = 30 + l. Is i composite?
True
Let l be 41/(-2)*(7 + -5). Let c = -4 - l. Is c prime?
True
Let u(i) = -i**2 + 6*i + 3. Let a be u(6). Suppose 0 = a*o - 6*o, 5*f - 4*o = 0. Suppose 0 = -w + 4, f = -c + 6*w - 2*w + 23. Is c a prime number?
False
Let r(p) = -234*p + 2. Let n(i) = -233*i + 3. Let y(v) = 4*n(v) - 5*r(v). Let t be y(3). Let f = t - 501. Is f composite?
True
Let k be 3/(-15) - (-8)/(-10). Is 3*(0 + k)*-1 prime?
True
Let l = -1018 + 686. Let u = -111 - l. Is u prime?
False
Let q(r) = 9*r - 1. Let z be q(1). Suppose 3*t = -5*x - 0 - 4, -z = -3*t + x. Suppose t*s - 20 = 18. Is s prime?
True
Let b(f) = -3*f**3 + 3*f**2 - f. Let h be (-1)/((-3)/(-6)*-1). Let k be b(h). Is -74*(3 + k/4) a composite number?
False
Suppose -3*f + 1280 = -55. Is f a prime number?
False
Let y(g) = -3*g**3 + 2*g**2 + 2*g**3 - 2 + 4*g**2 - 3*g - g**2. Let d be y(4). Suppose 12 + 58 = d*t. Is t composite?
True
Is (2 + 2)/(-2) - -57 a prime number?
False
Suppose 34 = 5*k - 3*l, 6*k + 5*l + 5 = 4*k. Suppose -2*u + 2*j + 630 = 2*u, -319 = -2*u + k*j. Is u a prime number?
True
Let t(c) = -27*c + 19. Is t(-6) composite?
False
Let c = -53 + 88. Is c composite?
True
Let u = 23 - 20. Suppose -2*y + 83 = -5*p, 0 = -7*y + 3*y - u*p + 153. Is y composite?
True
Suppose 3*u = -d + 13868, 12*d - 7*d - 69290 = -5*u. Is d composite?
True
Suppose 0 = d - 24 - 13. Suppose -5*v = 5*k - 185, 5*v - d = 4*v + 5*k. Is v composite?
False
Suppose -4*q + f = 4*f - 628, q + 4*f = 157. Is q a composite number?
False
Is -4 - 161*(-8 + 1) a composite number?
False
Suppose -l - 160 + 1581 = 5*x, 2*x + l = 566. Suppose x = b + 4*b. Suppose w - 3*j = -2*j + b, -3*j = 2*w - 94. Is w composite?
False
Let y = -1 - -6. Suppose 4*c = -y*x - 308, 3*c + 4*x = -2*c - 385. Let z = c + 108. Is z prime?
True
Suppose 0 = -3*j - 2*j + 3*k + 1461, -5*j + 1453 = k. Is j composite?
True
Let b(g) = 22*g + 1. Let o be b(3). Suppose -2*z - 3*k = 3*z - o, 0 = -4*z - 5*k + 64. Let j = -2 + z. Is j composite?
True
Let o(p) = 16*p**2 - 48*p - 9. Is o(-16) composite?
True
Let f(j) = -18*j + 1. Let z be -7 + 0 - (-6)/3. Is f(z) composite?
True
Let b(t) = -4*t - 2*t + 2*t + 5*t + 3. Is b(7) prime?
False
Let t = 694 - 287. Is t prime?
False
Let f(x) = x. Let v = 6 - 3. Let h be f(v). Suppose -h*i + 121 - 10 = 0. Is i a composite number?
False
Let b be (1068/3)/((-2)/(-9)). Suppose 4*n - b + 262 = 0. Is n a composite number?
True
Let t be 3 + (-4 - -1) + 2. Suppose 3*y + 4*a - 255 = 206, a = t*y - 322. Is y a composite number?
True
Let g = -3 - -6. Suppose -26 = -g*f + 151. Is f composite?
False
Suppose -2*p - 2*p = -8. Suppose 0*h - p*h + 66 = 0. Is h a composite number?
True
Let k = 4 + 2. Let t(p) = p**3 - 6*p**2 + 6*p + 2. Is t(k) a prime number?
False
Suppose -127 + 15 = 4*r. Let a = -9 - r. Is a prime?
True
Suppose 3*y - 14 = -4*d, y = 3*d + 11 + 11. Let m = y - 8. Suppose -119 = -5*t - 2*s, -m*t + 0*s + 53 = -s. Is t a composite number?
True
Suppose a = -4*a - 25. Let d be 14 + ((-2)/(-1) - 1). Is (19/(-3))/(a/d) a composite number?
False
Let v = -1 - -1. Suppose -x = 